{"id":6006,"date":"2020-07-28T12:15:29","date_gmt":"2020-07-28T09:15:29","guid":{"rendered":"https:\/\/saglik.ibb.istanbul\/darulaceze\/?page_id=6006"},"modified":"2026-05-04T11:14:44","modified_gmt":"2026-05-04T08:14:44","slug":"yonetim-semasi","status":"publish","type":"page","link":"https:\/\/saglik.ibb.istanbul\/istanbul-darulaceze-mudurlugu\/yonetim-semasi\/","title":{"rendered":"Y\u00f6netim \u015eemas\u0131"},"content":{"rendered":"\n<style type=\"text\/css\" data-created_by=\"avia_inline_auto\" id=\"style-css-av-moqxbk3l-d51f038c6289add0644269aec642378d\">\n.avia-image-container.av-moqxbk3l-d51f038c6289add0644269aec642378d img.avia_image{\nbox-shadow:none;\n}\n.avia-image-container.av-moqxbk3l-d51f038c6289add0644269aec642378d .av-image-caption-overlay-center{\ncolor:#ffffff;\n}\n<\/style>\n<div  class='avia-image-container av-moqxbk3l-d51f038c6289add0644269aec642378d av-styling- avia-align-center  avia-builder-el-0  avia-builder-el-no-sibling '   itemprop=\"image\" itemscope=\"itemscope\" itemtype=\"https:\/\/schema.org\/ImageObject\" ><div class=\"avia-image-container-inner\"><div class=\"avia-image-overlay-wrap\"><img decoding=\"async\" fetchpriority=\"high\" class='wp-image-9887 avia-img-lazy-loading-not-9887 avia_image ' src=\"https:\/\/saglik.ibb.istanbul\/istanbul-darulaceze-mudurlugu\/wp-content\/uploads\/2024\/11\/Yonetim-Semasi-19.11.2024-3-1030x728.jpg\" alt='' title='Y\u00f6netim \u015eemas\u0131 19.11.2024'  height=\"728\" width=\"1030\"  itemprop=\"thumbnailUrl\" srcset=\"https:\/\/saglik.ibb.istanbul\/istanbul-darulaceze-mudurlugu\/wp-content\/uploads\/2024\/11\/Yonetim-Semasi-19.11.2024-3-1030x728.jpg 1030w, https:\/\/saglik.ibb.istanbul\/istanbul-darulaceze-mudurlugu\/wp-content\/uploads\/2024\/11\/Yonetim-Semasi-19.11.2024-3-300x212.jpg 300w, https:\/\/saglik.ibb.istanbul\/istanbul-darulaceze-mudurlugu\/wp-content\/uploads\/2024\/11\/Yonetim-Semasi-19.11.2024-3-768x543.jpg 768w, https:\/\/saglik.ibb.istanbul\/istanbul-darulaceze-mudurlugu\/wp-content\/uploads\/2024\/11\/Yonetim-Semasi-19.11.2024-3-1536x1086.jpg 1536w, https:\/\/saglik.ibb.istanbul\/istanbul-darulaceze-mudurlugu\/wp-content\/uploads\/2024\/11\/Yonetim-Semasi-19.11.2024-3-2048x1448.jpg 2048w, https:\/\/saglik.ibb.istanbul\/istanbul-darulaceze-mudurlugu\/wp-content\/uploads\/2024\/11\/Yonetim-Semasi-19.11.2024-3-1500x1061.jpg 1500w, https:\/\/saglik.ibb.istanbul\/istanbul-darulaceze-mudurlugu\/wp-content\/uploads\/2024\/11\/Yonetim-Semasi-19.11.2024-3-260x185.jpg 260w, https:\/\/saglik.ibb.istanbul\/istanbul-darulaceze-mudurlugu\/wp-content\/uploads\/2024\/11\/Yonetim-Semasi-19.11.2024-3-705x499.jpg 705w\" sizes=\"(max-width: 1030px) 100vw, 1030px\" \/><\/div><\/div><\/div>\n","protected":false},"excerpt":{"rendered":"","protected":false},"author":7,"featured_media":0,"parent":0,"menu_order":0,"comment_status":"closed","ping_status":"closed","template":"","meta":{"footnotes":""},"categories":[],"tags":[],"class_list":["post-6006","page","type-page","status-publish","format-standard","hentry"],"aioseo_notices":[],"_links":{"self":[{"href":"https:\/\/saglik.ibb.istanbul\/istanbul-darulaceze-mudurlugu\/wp-json\/wp\/v2\/pages\/6006","targetHints":{"allow":["GET"]}}],"collection":[{"href":"https:\/\/saglik.ibb.istanbul\/istanbul-darulaceze-mudurlugu\/wp-json\/wp\/v2\/pages"}],"about":[{"href":"https:\/\/saglik.ibb.istanbul\/istanbul-darulaceze-mudurlugu\/wp-json\/wp\/v2\/types\/page"}],"author":[{"embeddable":true,"href":"https:\/\/saglik.ibb.istanbul\/istanbul-darulaceze-mudurlugu\/wp-json\/wp\/v2\/users\/7"}],"replies":[{"embeddable":true,"href":"https:\/\/saglik.ibb.istanbul\/istanbul-darulaceze-mudurlugu\/wp-json\/wp\/v2\/comments?post=6006"}],"version-history":[{"count":6,"href":"https:\/\/saglik.ibb.istanbul\/istanbul-darulaceze-mudurlugu\/wp-json\/wp\/v2\/pages\/6006\/revisions"}],"predecessor-version":[{"id":11101,"href":"https:\/\/saglik.ibb.istanbul\/istanbul-darulaceze-mudurlugu\/wp-json\/wp\/v2\/pages\/6006\/revisions\/11101"}],"wp:attachment":[{"href":"https:\/\/saglik.ibb.istanbul\/istanbul-darulaceze-mudurlugu\/wp-json\/wp\/v2\/media?parent=6006"}],"wp:term":[{"taxonomy":"category","embeddable":true,"href":"https:\/\/saglik.ibb.istanbul\/istanbul-darulaceze-mudurlugu\/wp-json\/wp\/v2\/categories?post=6006"},{"taxonomy":"post_tag","embeddable":true,"href":"https:\/\/saglik.ibb.istanbul\/istanbul-darulaceze-mudurlugu\/wp-json\/wp\/v2\/tags?post=6006"}],"curies":[{"name":"wp","href":"https:\/\/api.w.org\/{rel}","templated":true}]}}