{"id":6140,"date":"2020-07-30T09:39:16","date_gmt":"2020-07-30T06:39:16","guid":{"rendered":"https:\/\/saglik.ibb.istanbul\/darulaceze\/?page_id=6140"},"modified":"2024-05-13T12:20:26","modified_gmt":"2024-05-13T09:20:26","slug":"iletisim","status":"publish","type":"page","link":"https:\/\/saglik.ibb.istanbul\/istanbul-darulaceze-mudurlugu\/iletisim\/","title":{"rendered":"\u0130LET\u0130\u015e\u0130M"},"content":{"rendered":"<div id='av-layout-grid-1'  class='av-layout-grid-container av-5n4dh8-fa468b70ff786d71f32fb90956ef9de5 entry-content-wrapper main_color av-flex-cells  avia-builder-el-0  avia-builder-el-no-sibling   container_wrap fullsize'  >\n<div class='flex_cell av-3zfvss-e6caf35f84f315b4e9fb79bca0e396d3 av-gridrow-cell av_one_third no_margin  avia-builder-el-1  el_before_av_cell_one_third  avia-builder-el-first '  ><div class='flex_cell_inner'><\/div><\/div><div class='flex_cell av-304vmk-599873ee91b5a9c9fe6cfbd11efc06ee av-gridrow-cell av_one_third no_margin  avia-builder-el-2  el_after_av_cell_one_third  el_before_av_cell_one_third '  ><div class='flex_cell_inner'><section  class='av_textblock_section av-kebbtn0l-5c0fa60a9f3cd6fce4dcfb448fc55721 '   itemscope=\"itemscope\" itemtype=\"https:\/\/schema.org\/CreativeWork\" ><div class='avia_textblock'  itemprop=\"text\" ><h4><a href=\"https:\/\/www.google.com\/maps\/place\/%C4%B0BB+Dar%C3%BClaceze+M%C3%BCd%C3%BCrl%C3%BC%C4%9F%C3%BC\/@40.9780601,29.1483029,15z\/data=!4m5!3m4!1s0x0:0x7583d1ca38f3bf46!8m2!3d40.9780601!4d29.1483029\"><span style=\"color: #993300\"><strong>\u0130STANBUL DAR\u00dcLACEZE \u015eUBE M\u00dcD\u00dcRL\u00dc\u011e\u00dc<\/strong><\/span><\/a><\/h4>\n<p>Kay\u0131\u015fda\u011f\u0131 Mahallesi, Kay\u0131\u015fda\u011f\u0131 Cd. No:211 34755 Ata\u015fehir\/\u0130stanbul<\/p>\n<p>Telefon :\u00a0<strong>(0216) 528 84 00<\/strong><\/p>\n<p>Faks:\u00a0<strong>(0216)\u00a0 471 07 16<\/strong><\/p>\n<\/div><\/section>\n<\/div><\/div>\n<style type=\"text\/css\" data-created_by=\"avia_inline_auto\" id=\"style-css-av-2coee4-68c314d8a18535626ca2e11ed62b66a1\">\n.flex_cell.av-2coee4-68c314d8a18535626ca2e11ed62b66a1{\nvertical-align:top;\n}\n.responsive #top #wrap_all .flex_cell.av-2coee4-68c314d8a18535626ca2e11ed62b66a1{\npadding:30px 30px 30px 30px !important;\n}\n<\/style>\n<div class='flex_cell av-2coee4-68c314d8a18535626ca2e11ed62b66a1 av-gridrow-cell av_one_third no_margin  avia-builder-el-4  el_after_av_cell_one_third  avia-builder-el-last  content-align-top'  ><div class='flex_cell_inner'><\/div><\/div><\/div>\n","protected":false},"excerpt":{"rendered":"","protected":false},"author":7,"featured_media":{"id":5851,"url":"https:\/\/saglik.ibb.istanbul\/istanbul-darulaceze-mudurlugu\/wp-content\/uploads\/2020\/07\/21.jpg","sizes":{"thumbnail":"https:\/\/saglik.ibb.istanbul\/istanbul-darulaceze-mudurlugu\/wp-content\/uploads\/2020\/07\/21-80x80.jpg","medium":"https:\/\/saglik.ibb.istanbul\/istanbul-darulaceze-mudurlugu\/wp-content\/uploads\/2020\/07\/21-249x300.jpg","medium_large":"https:\/\/saglik.ibb.istanbul\/istanbul-darulaceze-mudurlugu\/wp-content\/uploads\/2020\/07\/21-768x925.jpg","large":"https:\/\/saglik.ibb.istanbul\/istanbul-darulaceze-mudurlugu\/wp-content\/uploads\/2020\/07\/21-855x1030.jpg","1536x1536":"https:\/\/saglik.ibb.istanbul\/istanbul-darulaceze-mudurlugu\/wp-content\/uploads\/2020\/07\/21-1276x1536.jpg","2048x2048":"https:\/\/saglik.ibb.istanbul\/istanbul-darulaceze-mudurlugu\/wp-content\/uploads\/2020\/07\/21-1701x2048.jpg","widget":"https:\/\/saglik.ibb.istanbul\/istanbul-darulaceze-mudurlugu\/wp-content\/uploads\/2020\/07\/21-36x36.jpg","square":"https:\/\/saglik.ibb.istanbul\/istanbul-darulaceze-mudurlugu\/wp-content\/uploads\/2020\/07\/21-180x180.jpg","featured":"https:\/\/saglik.ibb.istanbul\/istanbul-darulaceze-mudurlugu\/wp-content\/uploads\/2020\/07\/21-1500x430.jpg","featured_large":"https:\/\/saglik.ibb.istanbul\/istanbul-darulaceze-mudurlugu\/wp-content\/uploads\/2020\/07\/21-1500x630.jpg","extra_large":"https:\/\/saglik.ibb.istanbul\/istanbul-darulaceze-mudurlugu\/wp-content\/uploads\/2020\/07\/21-1246x1500.jpg","portfolio":"https:\/\/saglik.ibb.istanbul\/istanbul-darulaceze-mudurlugu\/wp-content\/uploads\/2020\/07\/21-495x400.jpg","portfolio_small":"https:\/\/saglik.ibb.istanbul\/istanbul-darulaceze-mudurlugu\/wp-content\/uploads\/2020\/07\/21-260x185.jpg","gallery":"https:\/\/saglik.ibb.istanbul\/istanbul-darulaceze-mudurlugu\/wp-content\/uploads\/2020\/07\/21-845x684.jpg","magazine":"https:\/\/saglik.ibb.istanbul\/istanbul-darulaceze-mudurlugu\/wp-content\/uploads\/2020\/07\/21-710x375.jpg","masonry":"https:\/\/saglik.ibb.istanbul\/istanbul-darulaceze-mudurlugu\/wp-content\/uploads\/2020\/07\/21-586x705.jpg","entry_with_sidebar":"https:\/\/saglik.ibb.istanbul\/istanbul-darulaceze-mudurlugu\/wp-content\/uploads\/2020\/07\/21-845x321.jpg","entry_without_sidebar":"https:\/\/saglik.ibb.istanbul\/istanbul-darulaceze-mudurlugu\/wp-content\/uploads\/2020\/07\/21-1210x423.jpg"}},"parent":0,"menu_order":0,"comment_status":"closed","ping_status":"closed","template":"","meta":{"footnotes":""},"categories":[],"tags":[],"class_list":["post-6140","page","type-page","status-publish","format-standard","has-post-thumbnail","hentry"],"aioseo_notices":[],"_links":{"self":[{"href":"https:\/\/saglik.ibb.istanbul\/istanbul-darulaceze-mudurlugu\/wp-json\/wp\/v2\/pages\/6140","targetHints":{"allow":["GET"]}}],"collection":[{"href":"https:\/\/saglik.ibb.istanbul\/istanbul-darulaceze-mudurlugu\/wp-json\/wp\/v2\/pages"}],"about":[{"href":"https:\/\/saglik.ibb.istanbul\/istanbul-darulaceze-mudurlugu\/wp-json\/wp\/v2\/types\/page"}],"author":[{"embeddable":true,"href":"https:\/\/saglik.ibb.istanbul\/istanbul-darulaceze-mudurlugu\/wp-json\/wp\/v2\/users\/7"}],"replies":[{"embeddable":true,"href":"https:\/\/saglik.ibb.istanbul\/istanbul-darulaceze-mudurlugu\/wp-json\/wp\/v2\/comments?post=6140"}],"version-history":[{"count":9,"href":"https:\/\/saglik.ibb.istanbul\/istanbul-darulaceze-mudurlugu\/wp-json\/wp\/v2\/pages\/6140\/revisions"}],"predecessor-version":[{"id":9196,"href":"https:\/\/saglik.ibb.istanbul\/istanbul-darulaceze-mudurlugu\/wp-json\/wp\/v2\/pages\/6140\/revisions\/9196"}],"wp:featuredmedia":[{"embeddable":true,"href":"https:\/\/saglik.ibb.istanbul\/istanbul-darulaceze-mudurlugu\/wp-json\/wp\/v2\/media\/5851"}],"wp:attachment":[{"href":"https:\/\/saglik.ibb.istanbul\/istanbul-darulaceze-mudurlugu\/wp-json\/wp\/v2\/media?parent=6140"}],"wp:term":[{"taxonomy":"category","embeddable":true,"href":"https:\/\/saglik.ibb.istanbul\/istanbul-darulaceze-mudurlugu\/wp-json\/wp\/v2\/categories?post=6140"},{"taxonomy":"post_tag","embeddable":true,"href":"https:\/\/saglik.ibb.istanbul\/istanbul-darulaceze-mudurlugu\/wp-json\/wp\/v2\/tags?post=6140"}],"curies":[{"name":"wp","href":"https:\/\/api.w.org\/{rel}","templated":true}]}}